{"id":3340,"date":"2023-02-17T13:01:01","date_gmt":"2023-02-17T13:01:01","guid":{"rendered":"https:\/\/66projekt.pl\/buildyourbrand\/?page_id=3340"},"modified":"2024-03-08T13:33:39","modified_gmt":"2024-03-08T13:33:39","slug":"strona-glowna-lezaki-reklamowe-poznan","status":"publish","type":"page","link":"https:\/\/66projekt.pl\/buildyourbrand\/","title":{"rendered":"Build Your Brand Poland Home Page"},"content":{"rendered":"<section class=\"wpb-content-wrapper\"><p>[vc_row full_width=&#8221;stretch_row_content_no_spaces&#8221; equal_height=&#8221;yes&#8221; content_placement=&#8221;middle&#8221; css=&#8221;.vc_custom_1677496528181{margin-top: -65px !important;}&#8221; el_id=&#8221;start&#8221;][vc_column width=&#8221;1\/12&#8243;][\/vc_column][vc_column width=&#8221;1\/3&#8243; css=&#8221;.vc_custom_1676909007565{margin-top: 30px !important;padding-right: 15% !important;padding-left: 15% !important;}&#8221;][vc_column_text]<\/p>\n<h1>Jak stworzy\u0107 w\u0142asny brand odzie\u017cowy?<\/h1>\n<p>[\/vc_column_text][vc_column_text]<span style=\"color: #999999;\">Stworzenie w\u0142asnej marki odzie\u017cowej wymaga kilku krok\u00f3w, kt\u00f3re warto przemy\u015ble\u0107 i zaplanowa\u0107. Oto og\u00f3lne kroki, kt\u00f3re mo\u017cna podj\u0105\u0107, aby stworzy\u0107 w\u0142asn\u0105 mark\u0119 odzie\u017cow\u0105&#8230;<\/span>[\/vc_column_text][vc_column_text]<\/p>\n<h6><a href=\"\/buildyourbrand\/jak-stworzyc-wlasna-marke-wedlug-build-your-brand\/\">Wczytaj si\u0119 bardziej&#8230;<\/a><\/h6>\n<p>[\/vc_column_text][\/vc_column][vc_column width=&#8221;7\/12&#8243;][vc_single_image image=&#8221;3816&#8243; img_size=&#8221;full&#8221; alignment=&#8221;center&#8221;][\/vc_column][\/vc_row][vc_row full_width=&#8221;stretch_row_content_no_spaces&#8221; css=&#8221;.vc_custom_1485792423779{margin-bottom: 75px !important;}&#8221;][vc_column css=&#8221;.vc_custom_1485785612724{padding-top: 0px !important;padding-bottom: 0px !important;}&#8221;]<style>.shortcode_getbowtied_slider .shortcode-slider-pagination .swiper-pagination-bullet.swiper-pagination-bullet-active:after{background-color: #000000;}<\/style>\n\n\t\t<div class=\"shortcode_getbowtied_slider swiper-container swiper-69e1715f19a77 full_height\" style=\" width: 100%\" data-autoplay=\"10\" data-id=\"69e1715f19a77\">\n\t\t\t<div class=\"swiper-wrapper\">\n\t\t\t\n\t\t\t<div class=\"swiper-slide left-align\"\n\t\t\tstyle=\t\"background: #CCCCCC url(https:\/\/66projekt.pl\/buildyourbrand\/wp-content\/uploads\/2023\/03\/brooklyn-bridge-and-new-york-city-2021-08-26-16-30-33-utc.jpg) center center no-repeat ;\n\t\t\t\t\t-webkit-background-size: cover;\n\t\t\t\t\t-moz-background-size: cover;\n\t\t\t\t\t-o-background-size: cover;\n\t\t\t\t\tbackground-size: cover;\n\t\t\t\t\tcolor: #000000\">\n\t\t\t\t\n\t\t\t\t<div class=\"slider-content\" data-swiper-parallax=\"-50%\">\n\t\t\t\t\t<div class=\"slider-content-wrapper\">\n\t\t\t\t\t\t\n\t\t\t\t\t\t\n\t\t\t\t\t\t\n\t\t\t\t\t<\/div>\n\t\t\t\t<\/div>\n\t\t\t<\/div>\n\t\t\t<\/div>\n\t\t\t\t<div style=\"color: #000000\" class=\"shortcode-slider-pagination\"><\/div><\/div>[\/vc_column][\/vc_row][vc_row full_width=&#8221;stretch_row_content_no_spaces&#8221; equal_height=&#8221;yes&#8221; content_placement=&#8221;middle&#8221; css=&#8221;.vc_custom_1676908905231{margin-top: -145px !important;}&#8221;][vc_column width=&#8221;1\/12&#8243;][\/vc_column][vc_column width=&#8221;1\/3&#8243; css=&#8221;.vc_custom_1485790194228{padding-right: 15% !important;padding-left: 15% !important;}&#8221;][vc_column_text css=&#8221;.vc_custom_1678725636504{margin-top: 30px !important;padding-top: 40px !important;}&#8221;]<\/p>\n<h2>Dlaczego warto mie\u0107 w\u0142asny brand?<\/h2>\n<p>[\/vc_column_text][vc_column_text]<span style=\"color: #999999;\">Kreatywna wolno\u015b\u0107: Tworz\u0105c swoj\u0105 w\u0142asn\u0105 mark\u0119 odzie\u017cow\u0105, masz pe\u0142n\u0105 kontrol\u0119 nad procesem projektowania i tworzenia swoich produkt\u00f3w. Mo\u017cesz wybiera\u0107 kolory, tkaniny, wzory i grafiki, kt\u00f3re najlepiej odzwierciedlaj\u0105 Twoj\u0105 wizj\u0119 i styl.<\/span>[\/vc_column_text][vc_column_text]<\/p>\n<h6><a href=\"https:\/\/66projekt.pl\/buildyourbrand\/dlaczego-warto-miec-wlasny-brand\/\">Wczytaj si\u0119 bardziej&#8230;<\/a><\/h6>\n<p>[\/vc_column_text][\/vc_column][vc_column width=&#8221;7\/12&#8243;][vc_single_image image=&#8221;3812&#8243; img_size=&#8221;full&#8221; alignment=&#8221;right&#8221;][\/vc_column][\/vc_row][vc_row full_width=&#8221;stretch_row_content&#8221; equal_height=&#8221;yes&#8221; content_placement=&#8221;middle&#8221;][vc_column width=&#8221;7\/12&#8243;][vc_single_image image=&#8221;3840&#8243; img_size=&#8221;full&#8221; alignment=&#8221;center&#8221;][\/vc_column][vc_column width=&#8221;1\/3&#8243; css=&#8221;.vc_custom_1485790194228{padding-right: 15% !important;padding-left: 15% !important;}&#8221;][vc_column_text]<\/p>\n<h2>Jak zaprojektowa\u0107 nazw\u0119 i logo dla swojej marki odzie\u017cowej?<\/h2>\n<p>[\/vc_column_text][vc_column_text]Projektowanie nazwy i logo dla marki odzie\u017cowej to wa\u017cny krok w budowaniu wizerunku i rozpoznawalno\u015bci marki. Poni\u017cej znajduj\u0105 si\u0119 kilka krok\u00f3w, kt\u00f3re mog\u0105 Ci pom\u00f3c w tym procesie&#8230;[\/vc_column_text][vc_column_text]<\/p>\n<h6><a href=\"https:\/\/66projekt.pl\/buildyourbrand\/jak-zaprojektowac-nazwe-i-logo-dla-swojej-marki-odziezowej\/\">Wczytaj si\u0119 bardziej&#8230;<\/a><\/h6>\n<p>[\/vc_column_text][\/vc_column][vc_column width=&#8221;1\/12&#8243;][\/vc_column][\/vc_row][vc_row full_width=&#8221;stretch_row_content_no_spaces&#8221; full_height=&#8221;yes&#8221; columns_placement=&#8221;stretch&#8221; equal_height=&#8221;yes&#8221; css=&#8221;.vc_custom_1485790925001{margin-bottom: 75px !important;}&#8221;][vc_column width=&#8221;1\/2&#8243; css=&#8221;.vc_custom_1678811917369{background-image: url(https:\/\/66projekt.pl\/buildyourbrand\/wp-content\/uploads\/2023\/03\/projektowanie-graficzne-marki-poznan.jpg?id=3833) !important;background-position: center !important;background-repeat: no-repeat !important;background-size: cover !important;}&#8221;][\/vc_column][vc_column width=&#8221;1\/2&#8243; css=&#8221;.vc_custom_1678812209757{background-image: url(https:\/\/66projekt.pl\/buildyourbrand\/wp-content\/uploads\/2023\/03\/szycie-odziezy-poznan.jpg?id=3834) !important;background-position: center !important;background-repeat: no-repeat !important;background-size: cover !important;}&#8221;][\/vc_column][\/vc_row][vc_row full_width=&#8221;stretch_row_content_no_spaces&#8221; equal_height=&#8221;yes&#8221; content_placement=&#8221;middle&#8221; css=&#8221;.vc_custom_1676908611798{margin-top: -105px !important;}&#8221;][vc_column width=&#8221;7\/12&#8243;][vc_single_image image=&#8221;3848&#8243; img_size=&#8221;full&#8221;][\/vc_column][vc_column width=&#8221;1\/3&#8243; css=&#8221;.vc_custom_1485790194228{padding-right: 15% !important;padding-left: 15% !important;}&#8221;][vc_column_text]<\/p>\n<h2 style=\"text-align: center;\">Sklep Internetowy Build Your Brand<\/h2>\n<p>[\/vc_column_text][vc_column_text css=&#8221;.vc_custom_1678815143057{margin-bottom: 20px !important;}&#8221;]<\/p>\n<p style=\"text-align: center;\">Sprawd\u017a wyselekcjonowan\u0105 kolekcj\u0119 odzie\u017cy stworzon\u0105 specjalnie na potrzeby budowanie w\u0142asnego brandu odzie\u017cowego. Postaw na sprawdzone rozwi\u0105zania i 20 letnie do\u015bwiadczenie.<\/p>\n<p>[\/vc_column_text][vc_btn title=&#8221;Zobacz Produkty&#8221; style=&#8221;flat&#8221; shape=&#8221;square&#8221; color=&#8221;turquoise&#8221; size=&#8221;lg&#8221; align=&#8221;center&#8221; link=&#8221;url:https%3A%2F%2F66projekt.pl%2Fbuildyourbrand%2Fshop%2F|title:Build%20Your%20Brand%20Shop%20Online&#8221;][\/vc_column][vc_column width=&#8221;1\/12&#8243;][\/vc_column][\/vc_row]<\/p>\n<\/section>","protected":false},"excerpt":{"rendered":"<p>[vc_row full_width=&#8221;stretch_row_content_no_spaces&#8221; equal_height=&#8221;yes&#8221; content_placement=&#8221;middle&#8221; css=&#8221;.vc_custom_1677496528181{margin-top: -65px !important;}&#8221; el_id=&#8221;start&#8221;][vc_column width=&#8221;1\/12&#8243;][\/vc_column][vc_column width=&#8221;1\/3&#8243; css=&#8221;.vc_custom_1676909007565{margin-top: 30px !important;padding-right: 15% !important;padding-left: 15% !important;}&#8221;][vc_column_text] Jak stworzy\u0107 w\u0142asny brand odzie\u017cowy? [\/vc_column_text][vc_column_text]Stworzenie w\u0142asnej marki odzie\u017cowej wymaga kilku krok\u00f3w, kt\u00f3re warto przemy\u015ble\u0107 i zaplanowa\u0107. Oto og\u00f3lne kroki, kt\u00f3re mo\u017cna podj\u0105\u0107, aby stworzy\u0107 w\u0142asn\u0105 mark\u0119 odzie\u017cow\u0105&#8230;[\/vc_column_text][vc_column_text] Wczytaj si\u0119 bardziej&#8230; [\/vc_column_text][\/vc_column][vc_column width=&#8221;7\/12&#8243;][vc_single_image image=&#8221;3816&#8243; img_size=&#8221;full&#8221; alignment=&#8221;center&#8221;][\/vc_column][\/vc_row][vc_row full_width=&#8221;stretch_row_content_no_spaces&#8221; css=&#8221;.vc_custom_1485792423779{margin-bottom: [&hellip;]<\/p>\n","protected":false},"author":1,"featured_media":0,"parent":0,"menu_order":0,"comment_status":"closed","ping_status":"closed","template":"page-full-width.php","meta":{"footnotes":""},"aioseo_notices":[],"_links":{"self":[{"href":"https:\/\/66projekt.pl\/buildyourbrand\/wp-json\/wp\/v2\/pages\/3340"}],"collection":[{"href":"https:\/\/66projekt.pl\/buildyourbrand\/wp-json\/wp\/v2\/pages"}],"about":[{"href":"https:\/\/66projekt.pl\/buildyourbrand\/wp-json\/wp\/v2\/types\/page"}],"author":[{"embeddable":true,"href":"https:\/\/66projekt.pl\/buildyourbrand\/wp-json\/wp\/v2\/users\/1"}],"replies":[{"embeddable":true,"href":"https:\/\/66projekt.pl\/buildyourbrand\/wp-json\/wp\/v2\/comments?post=3340"}],"version-history":[{"count":108,"href":"https:\/\/66projekt.pl\/buildyourbrand\/wp-json\/wp\/v2\/pages\/3340\/revisions"}],"predecessor-version":[{"id":5262,"href":"https:\/\/66projekt.pl\/buildyourbrand\/wp-json\/wp\/v2\/pages\/3340\/revisions\/5262"}],"wp:attachment":[{"href":"https:\/\/66projekt.pl\/buildyourbrand\/wp-json\/wp\/v2\/media?parent=3340"}],"curies":[{"name":"wp","href":"https:\/\/api.w.org\/{rel}","templated":true}]}}