{"id":4321,"date":"2023-03-22T13:58:45","date_gmt":"2023-03-22T13:58:45","guid":{"rendered":"https:\/\/66projekt.pl\/buildyourbrand\/?post_type=product&#038;p=4321"},"modified":"2024-01-25T15:52:50","modified_gmt":"2024-01-25T15:52:50","slug":"metki-zakardowe","status":"publish","type":"product","link":"https:\/\/66projekt.pl\/buildyourbrand\/produkt\/metki-zakardowe\/","title":{"rendered":"Metki \u017cakardowe"},"content":{"rendered":"","protected":false},"excerpt":{"rendered":"<style>\n    \/* Styl przycisku *\/\n    .email-button {\n        background-color: white; \/* Bia\u0142y kolor t\u0142a *\/\n        color: black; \/* Kolor tekstu *\/\n        padding: 10px 20px; \/* Odst\u0119py wewn\u0105trz przycisku *\/\n        text-align: center; \/* Wy\u015brodkowany tekst *\/\n        text-decoration: none; \/* Brak podkre\u015blenia tekstu *\/\n        display: inline-block; \/* Wy\u015bwietlanie jako element liniowo-blokowy *\/\n        font-size: 16px; \/* Rozmiar czcionki *\/\n        border: 1px solid black; \/* Czarna, cienka obw\u00f3dka *\/\nmargin-bottom: 10px;\n    }\n    \/* Stylowanie kontenera do wy\u015brodkowania przycisku *\/\n    .center-container {\n        height: auto; \/* Wysoko\u015b\u0107 na ca\u0142y ekran *\/\n        display: flex; \/* U\u017cycie Flexbox *\/\n        justify-content: left; \/* Wy\u015brodkowanie w poziomie *\/\n        align-items: left; \/* Wy\u015brodkowanie w pionie *\/\n    }\n<\/style>\n<div class=\"center-container\">\n    <a href=\"mailto:info@66projekt2.pl\" class=\"email-button\">Zapytaj o cen\u0119<\/a>\n<\/div>\n<p>Przedstawiamy metki \u017cakardowe \u2013 kluczowy element dla ka\u017cdego projektanta i marki odzie\u017cowej, kt\u00f3ry pragnie wyr\u00f3\u017cni\u0107 si\u0119 na t\u0142ocznym rynku m\u0142odzie\u017cowych ubra\u0144 i dodatk\u00f3w. Nasze metki \u017cakardowe to po\u0142\u0105czenie doskona\u0142ego wykonania, stylu i trwa\u0142o\u015bci, idealne dla Twojej kolekcji streetwear.<\/p>\n<p>Funkcje i korzy\u015bci:<\/p>\n<ol>\n<li>Wysoka jako\u015b\u0107 materia\u0142\u00f3w: Nasze metki \u017cakardowe wykonane s\u0105 z najwy\u017cszej jako\u015bci w\u0142\u00f3kien poliestrowych, zapewniaj\u0105cych d\u0142ugotrwa\u0142o\u015b\u0107 i wytrzyma\u0142o\u015b\u0107 na codzienne u\u017cytkowanie.<\/li>\n<li>Precyzyjne wzornictwo: Technika \u017cakardowa pozwala na tworzenie wyrafinowanych i skomplikowanych wzor\u00f3w, kt\u00f3re podkre\u015bl\u0105 charakter Twojej marki i przyci\u0105gn\u0105 uwag\u0119 klient\u00f3w.<\/li>\n<li>Personalizacja: Dajemy Ci pe\u0142n\u0105 swobod\u0119 w projektowaniu metek \u2013 wybierz kszta\u0142t, kolor, wielko\u015b\u0107 oraz tre\u015b\u0107, aby idealnie dopasowa\u0107 je do swojej kolekcji streetwear<\/li>\n<\/ol>\n<p>Zalecane minimum produkcyjne 500 szt.<\/p>\n<p>Jeste\u015b zainteresowany metkami? Napisz na <a href=\"mailto:info@66projekt.pl\">info@66projekt.pl<\/a><\/p>\n","protected":false},"featured_media":4331,"comment_status":"closed","ping_status":"closed","template":"","meta":[],"product_cat":[162],"product_tag":[],"aioseo_notices":[],"_links":{"self":[{"href":"https:\/\/66projekt.pl\/buildyourbrand\/wp-json\/wp\/v2\/product\/4321"}],"collection":[{"href":"https:\/\/66projekt.pl\/buildyourbrand\/wp-json\/wp\/v2\/product"}],"about":[{"href":"https:\/\/66projekt.pl\/buildyourbrand\/wp-json\/wp\/v2\/types\/product"}],"replies":[{"embeddable":true,"href":"https:\/\/66projekt.pl\/buildyourbrand\/wp-json\/wp\/v2\/comments?post=4321"}],"wp:featuredmedia":[{"embeddable":true,"href":"https:\/\/66projekt.pl\/buildyourbrand\/wp-json\/wp\/v2\/media\/4331"}],"wp:attachment":[{"href":"https:\/\/66projekt.pl\/buildyourbrand\/wp-json\/wp\/v2\/media?parent=4321"}],"wp:term":[{"taxonomy":"product_cat","embeddable":true,"href":"https:\/\/66projekt.pl\/buildyourbrand\/wp-json\/wp\/v2\/product_cat?post=4321"},{"taxonomy":"product_tag","embeddable":true,"href":"https:\/\/66projekt.pl\/buildyourbrand\/wp-json\/wp\/v2\/product_tag?post=4321"}],"curies":[{"name":"wp","href":"https:\/\/api.w.org\/{rel}","templated":true}]}}