{"id":4324,"date":"2024-02-15T11:06:40","date_gmt":"2024-02-15T11:06:40","guid":{"rendered":"https:\/\/66projekt.pl\/fullprint\/?page_id=4324"},"modified":"2024-05-23T11:05:32","modified_gmt":"2024-05-23T11:05:32","slug":"szwalnia-odziezy-sportowej","status":"publish","type":"page","link":"https:\/\/66projekt.pl\/fullprint\/szwalnia-odziezy-sportowej\/","title":{"rendered":"SZWALNIA ODZIE\u017bY SPORTOWEJ"},"content":{"rendered":"<section class=\"wpb-content-wrapper\"><p>[vc_row css=&#8221;.vc_custom_1708026121535{margin-bottom: 10px !important;padding-right: 100px !important;padding-left: 100px !important;}&#8221;][vc_column width=&#8221;1\/2&#8243;][vc_column_text]<img loading=\"lazy\" decoding=\"async\" class=\"wp-image-4747 aligncenter\" src=\"https:\/\/66projekt.pl\/fullprint\/wp-content\/uploads\/2024\/03\/fashion-designer-making-patterns-for-new-clothes-2023-11-27-05-16-27-utc-683x1024.webp\" alt=\"\" width=\"550\" height=\"825\" srcset=\"https:\/\/66projekt.pl\/fullprint\/wp-content\/uploads\/2024\/03\/fashion-designer-making-patterns-for-new-clothes-2023-11-27-05-16-27-utc-683x1024.webp 683w, https:\/\/66projekt.pl\/fullprint\/wp-content\/uploads\/2024\/03\/fashion-designer-making-patterns-for-new-clothes-2023-11-27-05-16-27-utc-200x300.webp 200w, https:\/\/66projekt.pl\/fullprint\/wp-content\/uploads\/2024\/03\/fashion-designer-making-patterns-for-new-clothes-2023-11-27-05-16-27-utc-768x1152.webp 768w, https:\/\/66projekt.pl\/fullprint\/wp-content\/uploads\/2024\/03\/fashion-designer-making-patterns-for-new-clothes-2023-11-27-05-16-27-utc-1024x1536.webp 1024w, https:\/\/66projekt.pl\/fullprint\/wp-content\/uploads\/2024\/03\/fashion-designer-making-patterns-for-new-clothes-2023-11-27-05-16-27-utc-scaled.webp 1707w\" sizes=\"auto, (max-width: 550px) 100vw, 550px\" \/>[\/vc_column_text][\/vc_column][vc_column width=&#8221;1\/2&#8243;][vc_column_text]<\/p>\n<h3 style=\"text-align: left;\">Stw\u00f3rz sw\u00f3j wyj\u0105tkowy str\u00f3j: Szycie odzie\u017cy sportowej na zam\u00f3wienie dla ka\u017cdego sportowca<\/h3>\n<p>&nbsp;<\/p>\n<h4 style=\"text-align: left;\"><span style=\"font-weight: 400;\">Witaj na naszej stronie, gdzie pasja spotyka si\u0119 z profesjonalizmem! Jeste\u015bmy specjalistami w dziedzinie szycia odzie\u017cy sportowej na zam\u00f3wienie. Nasza szwalnia odzie\u017cy sportowej dedykowana jest wszystkim aktywnym, kt\u00f3rzy pragn\u0105 czu\u0107 si\u0119 wyj\u0105tkowo podczas ka\u017cdego maratonu, triathlonu czy innego wydarzenia sportowego w najwi\u0119kszych miastach Polski.<\/span><\/h4>\n<p>[\/vc_column_text][vc_empty_space height=&#8221;64px&#8221;][vc_btn title=&#8221;CHC\u0118 ZLECI\u0106 USZYCIE ODZIE\u017bY SPORTOWEJ&#8221; style=&#8221;classic&#8221; shape=&#8221;square&#8221; color=&#8221;black&#8221; size=&#8221;lg&#8221; align=&#8221;center&#8221; button_block=&#8221;true&#8221; link=&#8221;url:%23CTA&#8221;][vc_empty_space][vc_column_text]<\/p>\n<h5 style=\"text-align: left;\"><span style=\"font-weight: 400;\">Rozumiemy, \u017ce ka\u017cdy sportowiec jest inny i potrzebuje odzie\u017cy, kt\u00f3ra nie tylko \u015bwietnie wygl\u0105da, ale tak\u017ce zapewnia maksymalny komfort i swobod\u0119 ruch\u00f3w. Dlatego w naszej ofercie znajdziesz us\u0142ug\u0119 szycia ubra\u0144 na zam\u00f3wienie, kt\u00f3ra pozwoli Ci wyr\u00f3\u017cni\u0107 si\u0119 z t\u0142umu i poczu\u0107 si\u0119 pewnie w ka\u017cdej sytuacji.<\/span><\/h5>\n<p>[\/vc_column_text][\/vc_column][\/vc_row][vc_row][vc_column][vc_empty_space][vc_separator color=&#8221;custom&#8221; accent_color=&#8221;#dd3333&#8243;][vc_column_text]<\/p>\n<h3 style=\"text-align: center;\">Je\u015bli chcia\u0142by\u015b wyr\u00f3\u017cni\u0107 si\u0119 wyj\u0105tkowym projektem nadruku, sprawd\u017a <a href=\"https:\/\/66projekt.pl\/fullprint\/projektowanie-odziezy-sportowej\/\"><strong>projektowanie odzie\u017cy<\/strong><\/a>.<\/h3>\n<p>[\/vc_column_text][vc_separator color=&#8221;custom&#8221; accent_color=&#8221;#dd3333&#8243;][vc_empty_space][\/vc_column][\/vc_row][vc_row][vc_column width=&#8221;1\/2&#8243;][vc_column_text]<\/p>\n<h3 style=\"text-align: left;\">Perfekcja w ka\u017cdym szczeg\u00f3le: Odkryj szycie odzie\u017cy sportowej dostosowane do Twoich potrzeb<\/h3>\n<p>[\/vc_column_text][vc_column_text]<\/p>\n<h5 style=\"text-align: left;\"><span style=\"font-weight: 400;\">Nasza ma\u0142a szwalnia k\u0142adzie ogromny nacisk na jako\u015b\u0107 i detale. Dzi\u0119ki temu mo\u017cemy zapewni\u0107 indywidualne podej\u015bcie do ka\u017cdego projektu oraz dostosowanie odzie\u017cy do Twoich konkretnych potrzeb. Niezale\u017cnie od tego, czy jeste\u015b profesjonalnym sportowcem, czy pasjonatem aktywno\u015bci fizycznej, nasze szwalnie s\u0105 tu, aby wspiera\u0107 Tw\u00f3j ruch i ambicje.<\/span><\/h5>\n<p>&nbsp;<\/p>\n<h5 style=\"text-align: left;\"><span style=\"font-weight: 400;\">Zapraszamy do skorzystania z naszej oferty szycia odzie\u017cy sportowej. Z nami Twoje sportowe wyzwania stan\u0105 si\u0119 nie tylko bardziej komfortowe, ale tak\u017ce stylowe. Odkryj r\u00f3\u017cnic\u0119, jak\u0105 mo\u017ce zrobi\u0107 profesjonalnie uszyta odzie\u017c sportowa, i niech ka\u017cdy Tw\u00f3j start w wydarzeniu sportowym stanie si\u0119 niezapomnianym do\u015bwiadczeniem.<\/span><\/h5>\n<p>[\/vc_column_text][\/vc_column][vc_column width=&#8221;1\/2&#8243;][vc_column_text css=&#8221;.vc_custom_1709275834686{margin-bottom: 75px !important;}&#8221;]<img loading=\"lazy\" decoding=\"async\" class=\"alignnone wp-image-4730 size-large\" src=\"https:\/\/66projekt.pl\/fullprint\/wp-content\/uploads\/2024\/03\/lady-applies-a-pattern-of-clothes-on-the-fabric-2023-11-27-05-09-18-utc-1024x683.webp\" alt=\"\" width=\"900\" height=\"600\" srcset=\"https:\/\/66projekt.pl\/fullprint\/wp-content\/uploads\/2024\/03\/lady-applies-a-pattern-of-clothes-on-the-fabric-2023-11-27-05-09-18-utc-1024x683.webp 1024w, https:\/\/66projekt.pl\/fullprint\/wp-content\/uploads\/2024\/03\/lady-applies-a-pattern-of-clothes-on-the-fabric-2023-11-27-05-09-18-utc-300x200.webp 300w, https:\/\/66projekt.pl\/fullprint\/wp-content\/uploads\/2024\/03\/lady-applies-a-pattern-of-clothes-on-the-fabric-2023-11-27-05-09-18-utc-768x512.webp 768w, https:\/\/66projekt.pl\/fullprint\/wp-content\/uploads\/2024\/03\/lady-applies-a-pattern-of-clothes-on-the-fabric-2023-11-27-05-09-18-utc-1536x1024.webp 1536w, https:\/\/66projekt.pl\/fullprint\/wp-content\/uploads\/2024\/03\/lady-applies-a-pattern-of-clothes-on-the-fabric-2023-11-27-05-09-18-utc-2048x1365.webp 2048w\" sizes=\"auto, (max-width: 900px) 100vw, 900px\" \/>[\/vc_column_text][\/vc_column][\/vc_row][vc_row][vc_column][vc_empty_space][\/vc_column][\/vc_row][vc_row full_width=&#8221;stretch_row&#8221; css=&#8221;.vc_custom_1709806973626{padding-bottom: 50px !important;background-color: #0a0a0a !important;}&#8221;][vc_column][vc_column_text]<\/p>\n<h3 style=\"text-align: center; color: white;\"><span style=\"font-weight: 400;\">Wybierz nasz\u0105 szwalni\u0119 i ciesz si\u0119 odzie\u017c\u0105, kt\u00f3ra zosta\u0142a stworzona z my\u015bl\u0105 o Tobie. <\/span><\/h3>\n<h4 style=\"text-align: center; color: white;\"><span style=\"font-weight: 400;\">Bo w sporcie, tak jak w \u017cyciu, ka\u017cdy detal ma znaczenie.<\/span><\/h4>\n<p>[\/vc_column_text][\/vc_column][\/vc_row][vc_row][vc_column][vc_empty_space][\/vc_column][\/vc_row][vc_section full_height=&#8221;yes&#8221; content_placement=&#8221;middle&#8221; css=&#8221;.vc_custom_1709911099100{background-image: url(https:\/\/66projekt.pl\/fullprint\/wp-content\/uploads\/2017\/02\/skarpety-z-nadrukiem-fullprint-producent-poznan-1-e1681554554888.webp?id=4025) !important;background-position: center !important;background-repeat: no-repeat !important;background-size: cover !important;}&#8221; el_id=&#8221;CTA&#8221;][vc_row][vc_column][vc_row_inner type=&#8221;boxed&#8221; css=&#8221;.vc_custom_1415287200594{padding-right: 10% !important;padding-bottom: 50px !important;padding-left: 10% !important;}&#8221; font_color=&#8221;#ffffff&#8221;][vc_column_inner][vc_icon type=&#8221;linecons&#8221; color=&#8221;black&#8221; background_style=&#8221;rounded-outline&#8221; background_color=&#8221;black&#8221; size=&#8221;lg&#8221; align=&#8221;center&#8221;][vc_column_text]<\/p>\n<h3 style=\"text-align: center;\"><span style=\"color: #00000;\">ILE KOSZTUJE SZYCIE ODZIE\u017bY SPORTOWEJ?<\/span><\/h3>\n<p>[\/vc_column_text][vc_column_text]<\/p>\n<h4 style=\"text-align: center;\"><span style=\"color: #00000;\">Prosz\u0119 wype\u0142nij formularz. Przygotujemy ofert\u0119 w ci\u0105gu 48H<\/span><\/h4>\n<p>[\/vc_column_text]\n<div class=\"wpcf7 no-js\" id=\"wpcf7-f3640-o1\" lang=\"pl-PL\" dir=\"ltr\" data-wpcf7-id=\"3640\">\n<div class=\"screen-reader-response\"><p role=\"status\" aria-live=\"polite\" aria-atomic=\"true\"><\/p> <ul><\/ul><\/div>\n<form action=\"\/fullprint\/wp-json\/wp\/v2\/pages\/4324#wpcf7-f3640-o1\" method=\"post\" class=\"wpcf7-form init\" aria-label=\"Formularz kontaktowy\" novalidate=\"novalidate\" data-status=\"init\">\n<div style=\"display: none;\">\n<input type=\"hidden\" name=\"_wpcf7\" value=\"3640\" \/>\n<input type=\"hidden\" name=\"_wpcf7_version\" value=\"6.0.6\" \/>\n<input type=\"hidden\" name=\"_wpcf7_locale\" value=\"pl_PL\" \/>\n<input type=\"hidden\" name=\"_wpcf7_unit_tag\" value=\"wpcf7-f3640-o1\" \/>\n<input type=\"hidden\" name=\"_wpcf7_container_post\" value=\"0\" \/>\n<input type=\"hidden\" name=\"_wpcf7_posted_data_hash\" value=\"\" \/>\n<\/div>\n<div class=\"cf-input__wrapper\">\n\t<p><span class=\"cf-input__name\">TWOJE IMI\u0118<\/span><br \/>\n<span class=\"wpcf7-form-control-wrap\" data-name=\"your-name\"><input size=\"40\" maxlength=\"400\" class=\"wpcf7-form-control wpcf7-text wpcf7-validates-as-required\" id=\"contact-form__name\" aria-required=\"true\" aria-invalid=\"false\" value=\"\" type=\"text\" name=\"your-name\" \/><\/span>\n\t<\/p>\n<\/div>\n<div class=\"cf-input__wrapper\">\n\t<p><span class=\"cf-input__email\">TW\u00d3J EMAIL<\/span><br \/>\n<span class=\"wpcf7-form-control-wrap\" data-name=\"your-email\"><input size=\"40\" maxlength=\"400\" class=\"wpcf7-form-control wpcf7-text wpcf7-validates-as-required\" id=\"contact-form__email\" aria-required=\"true\" aria-invalid=\"false\" value=\"\" type=\"text\" name=\"your-email\" \/><\/span>\n\t<\/p>\n<\/div>\n<div class=\"cf-input__wrapper\">\n\t<p><span class=\"cf-input__email\">TW\u00d3J NUMER TEL.<\/span><br \/>\n<span class=\"wpcf7-form-control-wrap\" data-name=\"tel-927\"><input size=\"40\" maxlength=\"400\" class=\"wpcf7-form-control wpcf7-tel wpcf7-text wpcf7-validates-as-tel\" aria-invalid=\"false\" value=\"\" type=\"tel\" name=\"tel-927\" \/><\/span>\n\t<\/p>\n<\/div>\n<div class=\"cf-input__wrapper\">\n\t<p><span class=\"cf-input__message\">OPISZ SWOJE ZAPYTANIE<\/span><br \/>\n<span class=\"wpcf7-form-control-wrap\" data-name=\"your-message\"><textarea cols=\"40\" rows=\"10\" maxlength=\"2000\" class=\"wpcf7-form-control wpcf7-textarea wpcf7-validates-as-required\" id=\"contact-form__message\" aria-required=\"true\" aria-invalid=\"false\" placeholder=\"Je\u015bli zale\u017cy Ci na czasie i chcesz przyspieszy\u0107 otrzymanie propozycji nawet x3, to wspomnij w wiadomo\u015bci o: \n1. Ilo\u015bci i rodzaju potrzebnych produkt\u00f3w\n2. Projekcie nadruk\u00f3w i ich umiejscowieniu\n3. Czasie, w kt\u00f3rym musimy dostarczy\u0107 gotowe produkty\n4. Szacunkowym bud\u017cecie jaki posiadasz na Twoje zam\u00f3wienie\n5. Wspomnij dlaczego potrzebujesz naszych produkt\u00f3w i jak chcesz je wykorzystywa\u0107?\" name=\"your-message\"><\/textarea><\/span>\n\t<\/p>\n<\/div>\n<p><button type=\"submit\" class=\"wpcf7-form-control wpcf7-submit btn btn--gold btn--full\">Wy\u015blij<\/button>\n<\/p><p style=\"display: none !important;\" class=\"akismet-fields-container\" data-prefix=\"_wpcf7_ak_\"><label>&#916;<textarea name=\"_wpcf7_ak_hp_textarea\" cols=\"45\" rows=\"8\" maxlength=\"100\"><\/textarea><\/label><input type=\"hidden\" id=\"ak_js_1\" name=\"_wpcf7_ak_js\" value=\"89\"\/><script>document.getElementById( \"ak_js_1\" ).setAttribute( \"value\", ( new Date() ).getTime() );<\/script><\/p><div class=\"wpcf7-response-output\" aria-hidden=\"true\"><\/div>\n<\/form>\n<\/div>\n[\/vc_column_inner][\/vc_row_inner][\/vc_column][\/vc_row][\/vc_section]<\/p>\n<\/section>","protected":false},"excerpt":{"rendered":"<p>[vc_row css=&#8221;.vc_custom_1708026121535{margin-bottom: 10px !important;padding-right: 100px !important;padding-left: 100px !important;}&#8221;][vc_column width=&#8221;1\/2&#8243;][vc_column_text][\/vc_column_text][\/vc_column][vc_column width=&#8221;1\/2&#8243;][vc_column_text] Stw\u00f3rz sw\u00f3j wyj\u0105tkowy str\u00f3j: Szycie odzie\u017cy sportowej na zam\u00f3wienie dla ka\u017cdego sportowca &nbsp; Witaj na naszej stronie, gdzie pasja spotyka si\u0119 z profesjonalizmem! Jeste\u015bmy specjalistami w dziedzinie szycia odzie\u017cy sportowej na zam\u00f3wienie. Nasza szwalnia odzie\u017cy sportowej dedykowana jest wszystkim aktywnym, kt\u00f3rzy pragn\u0105 czu\u0107 si\u0119 wyj\u0105tkowo [&hellip;]<\/p>\n","protected":false},"author":9,"featured_media":0,"parent":0,"menu_order":0,"comment_status":"closed","ping_status":"closed","template":"","meta":{"footnotes":""},"class_list":["post-4324","page","type-page","status-publish","hentry"],"yoast_head":"<!-- This site is optimized with the Yoast SEO plugin v25.3 - https:\/\/yoast.com\/wordpress\/plugins\/seo\/ -->\n<title>SZWALNIA ODZIE\u017bY SPORTOWEJ - READY_TO_66 Producent Odzie\u017cy Sportowej<\/title>\n<meta name=\"robots\" content=\"index, follow, max-snippet:-1, max-image-preview:large, max-video-preview:-1\" \/>\n<link rel=\"canonical\" href=\"https:\/\/66projekt.pl\/fullprint\/szwalnia-odziezy-sportowej\/\" \/>\n<meta property=\"og:locale\" content=\"pl_PL\" \/>\n<meta property=\"og:type\" content=\"article\" \/>\n<meta property=\"og:title\" content=\"SZWALNIA ODZIE\u017bY SPORTOWEJ - READY_TO_66 Producent Odzie\u017cy Sportowej\" \/>\n<meta property=\"og:description\" content=\"[vc_row css=&#8221;.vc_custom_1708026121535{margin-bottom: 10px !important;padding-right: 100px !important;padding-left: 100px !important;}&#8221;][vc_column width=&#8221;1\/2&#8243;][vc_column_text][\/vc_column_text][\/vc_column][vc_column width=&#8221;1\/2&#8243;][vc_column_text] Stw\u00f3rz sw\u00f3j wyj\u0105tkowy str\u00f3j: Szycie odzie\u017cy sportowej na zam\u00f3wienie dla ka\u017cdego sportowca &nbsp; Witaj na naszej stronie, gdzie pasja spotyka si\u0119 z profesjonalizmem! Jeste\u015bmy specjalistami w dziedzinie szycia odzie\u017cy sportowej na zam\u00f3wienie. Nasza szwalnia odzie\u017cy sportowej dedykowana jest wszystkim aktywnym, kt\u00f3rzy pragn\u0105 czu\u0107 si\u0119 wyj\u0105tkowo [&hellip;]\" \/>\n<meta property=\"og:url\" content=\"https:\/\/66projekt.pl\/fullprint\/szwalnia-odziezy-sportowej\/\" \/>\n<meta property=\"og:site_name\" content=\"READY_TO_66 Producent Odzie\u017cy Sportowej\" \/>\n<meta property=\"article:publisher\" content=\"https:\/\/www.facebook.com\/66projekt\" \/>\n<meta property=\"article:modified_time\" content=\"2024-05-23T11:05:32+00:00\" \/>\n<meta property=\"og:image\" content=\"https:\/\/66projekt.pl\/fullprint\/wp-content\/uploads\/2024\/03\/fashion-designer-making-patterns-for-new-clothes-2023-11-27-05-16-27-utc-683x1024.webp\" \/>\n<meta name=\"twitter:card\" content=\"summary_large_image\" \/>\n<meta name=\"twitter:label1\" content=\"Szacowany czas czytania\" \/>\n\t<meta name=\"twitter:data1\" content=\"3 minuty\" \/>\n<script type=\"application\/ld+json\" class=\"yoast-schema-graph\">{\"@context\":\"https:\/\/schema.org\",\"@graph\":[{\"@type\":\"WebPage\",\"@id\":\"https:\/\/66projekt.pl\/fullprint\/szwalnia-odziezy-sportowej\/\",\"url\":\"https:\/\/66projekt.pl\/fullprint\/szwalnia-odziezy-sportowej\/\",\"name\":\"SZWALNIA ODZIE\u017bY SPORTOWEJ - READY_TO_66 Producent Odzie\u017cy Sportowej\",\"isPartOf\":{\"@id\":\"https:\/\/66projekt.pl\/fullprint\/#website\"},\"primaryImageOfPage\":{\"@id\":\"https:\/\/66projekt.pl\/fullprint\/szwalnia-odziezy-sportowej\/#primaryimage\"},\"image\":{\"@id\":\"https:\/\/66projekt.pl\/fullprint\/szwalnia-odziezy-sportowej\/#primaryimage\"},\"thumbnailUrl\":\"https:\/\/66projekt.pl\/fullprint\/wp-content\/uploads\/2024\/03\/fashion-designer-making-patterns-for-new-clothes-2023-11-27-05-16-27-utc-683x1024.webp\",\"datePublished\":\"2024-02-15T11:06:40+00:00\",\"dateModified\":\"2024-05-23T11:05:32+00:00\",\"inLanguage\":\"pl-PL\",\"potentialAction\":[{\"@type\":\"ReadAction\",\"target\":[\"https:\/\/66projekt.pl\/fullprint\/szwalnia-odziezy-sportowej\/\"]}]},{\"@type\":\"ImageObject\",\"inLanguage\":\"pl-PL\",\"@id\":\"https:\/\/66projekt.pl\/fullprint\/szwalnia-odziezy-sportowej\/#primaryimage\",\"url\":\"https:\/\/66projekt.pl\/fullprint\/wp-content\/uploads\/2024\/03\/fashion-designer-making-patterns-for-new-clothes-2023-11-27-05-16-27-utc-scaled.webp\",\"contentUrl\":\"https:\/\/66projekt.pl\/fullprint\/wp-content\/uploads\/2024\/03\/fashion-designer-making-patterns-for-new-clothes-2023-11-27-05-16-27-utc-scaled.webp\",\"width\":1707,\"height\":2560},{\"@type\":\"WebSite\",\"@id\":\"https:\/\/66projekt.pl\/fullprint\/#website\",\"url\":\"https:\/\/66projekt.pl\/fullprint\/\",\"name\":\"READY_TO_66 Producent Odzie\u017cy Sportowej\",\"description\":\"Koszulki Sportowe z Nadrukiem\",\"publisher\":{\"@id\":\"https:\/\/66projekt.pl\/fullprint\/#organization\"},\"potentialAction\":[{\"@type\":\"SearchAction\",\"target\":{\"@type\":\"EntryPoint\",\"urlTemplate\":\"https:\/\/66projekt.pl\/fullprint\/?s={search_term_string}\"},\"query-input\":{\"@type\":\"PropertyValueSpecification\",\"valueRequired\":true,\"valueName\":\"search_term_string\"}}],\"inLanguage\":\"pl-PL\"},{\"@type\":\"Organization\",\"@id\":\"https:\/\/66projekt.pl\/fullprint\/#organization\",\"name\":\"READY_TO_66 Producent Odzie\u017cy Sportowej\",\"url\":\"https:\/\/66projekt.pl\/fullprint\/\",\"logo\":{\"@type\":\"ImageObject\",\"inLanguage\":\"pl-PL\",\"@id\":\"https:\/\/66projekt.pl\/fullprint\/#\/schema\/logo\/image\/\",\"url\":\"https:\/\/66projekt.pl\/fullprint\/wp-content\/uploads\/2024\/02\/66pojekt-ready-to-66-logo.webp\",\"contentUrl\":\"https:\/\/66projekt.pl\/fullprint\/wp-content\/uploads\/2024\/02\/66pojekt-ready-to-66-logo.webp\",\"width\":1285,\"height\":284,\"caption\":\"READY_TO_66 Producent Odzie\u017cy Sportowej\"},\"image\":{\"@id\":\"https:\/\/66projekt.pl\/fullprint\/#\/schema\/logo\/image\/\"},\"sameAs\":[\"https:\/\/www.facebook.com\/66projekt\"]}]}<\/script>\n<!-- \/ Yoast SEO plugin. -->","yoast_head_json":{"title":"SZWALNIA ODZIE\u017bY SPORTOWEJ - READY_TO_66 Producent Odzie\u017cy Sportowej","robots":{"index":"index","follow":"follow","max-snippet":"max-snippet:-1","max-image-preview":"max-image-preview:large","max-video-preview":"max-video-preview:-1"},"canonical":"https:\/\/66projekt.pl\/fullprint\/szwalnia-odziezy-sportowej\/","og_locale":"pl_PL","og_type":"article","og_title":"SZWALNIA ODZIE\u017bY SPORTOWEJ - READY_TO_66 Producent Odzie\u017cy Sportowej","og_description":"[vc_row css=&#8221;.vc_custom_1708026121535{margin-bottom: 10px !important;padding-right: 100px !important;padding-left: 100px !important;}&#8221;][vc_column width=&#8221;1\/2&#8243;][vc_column_text][\/vc_column_text][\/vc_column][vc_column width=&#8221;1\/2&#8243;][vc_column_text] Stw\u00f3rz sw\u00f3j wyj\u0105tkowy str\u00f3j: Szycie odzie\u017cy sportowej na zam\u00f3wienie dla ka\u017cdego sportowca &nbsp; Witaj na naszej stronie, gdzie pasja spotyka si\u0119 z profesjonalizmem! Jeste\u015bmy specjalistami w dziedzinie szycia odzie\u017cy sportowej na zam\u00f3wienie. Nasza szwalnia odzie\u017cy sportowej dedykowana jest wszystkim aktywnym, kt\u00f3rzy pragn\u0105 czu\u0107 si\u0119 wyj\u0105tkowo [&hellip;]","og_url":"https:\/\/66projekt.pl\/fullprint\/szwalnia-odziezy-sportowej\/","og_site_name":"READY_TO_66 Producent Odzie\u017cy Sportowej","article_publisher":"https:\/\/www.facebook.com\/66projekt","article_modified_time":"2024-05-23T11:05:32+00:00","og_image":[{"url":"https:\/\/66projekt.pl\/fullprint\/wp-content\/uploads\/2024\/03\/fashion-designer-making-patterns-for-new-clothes-2023-11-27-05-16-27-utc-683x1024.webp","type":"","width":"","height":""}],"twitter_card":"summary_large_image","twitter_misc":{"Szacowany czas czytania":"3 minuty"},"schema":{"@context":"https:\/\/schema.org","@graph":[{"@type":"WebPage","@id":"https:\/\/66projekt.pl\/fullprint\/szwalnia-odziezy-sportowej\/","url":"https:\/\/66projekt.pl\/fullprint\/szwalnia-odziezy-sportowej\/","name":"SZWALNIA ODZIE\u017bY SPORTOWEJ - READY_TO_66 Producent Odzie\u017cy Sportowej","isPartOf":{"@id":"https:\/\/66projekt.pl\/fullprint\/#website"},"primaryImageOfPage":{"@id":"https:\/\/66projekt.pl\/fullprint\/szwalnia-odziezy-sportowej\/#primaryimage"},"image":{"@id":"https:\/\/66projekt.pl\/fullprint\/szwalnia-odziezy-sportowej\/#primaryimage"},"thumbnailUrl":"https:\/\/66projekt.pl\/fullprint\/wp-content\/uploads\/2024\/03\/fashion-designer-making-patterns-for-new-clothes-2023-11-27-05-16-27-utc-683x1024.webp","datePublished":"2024-02-15T11:06:40+00:00","dateModified":"2024-05-23T11:05:32+00:00","inLanguage":"pl-PL","potentialAction":[{"@type":"ReadAction","target":["https:\/\/66projekt.pl\/fullprint\/szwalnia-odziezy-sportowej\/"]}]},{"@type":"ImageObject","inLanguage":"pl-PL","@id":"https:\/\/66projekt.pl\/fullprint\/szwalnia-odziezy-sportowej\/#primaryimage","url":"https:\/\/66projekt.pl\/fullprint\/wp-content\/uploads\/2024\/03\/fashion-designer-making-patterns-for-new-clothes-2023-11-27-05-16-27-utc-scaled.webp","contentUrl":"https:\/\/66projekt.pl\/fullprint\/wp-content\/uploads\/2024\/03\/fashion-designer-making-patterns-for-new-clothes-2023-11-27-05-16-27-utc-scaled.webp","width":1707,"height":2560},{"@type":"WebSite","@id":"https:\/\/66projekt.pl\/fullprint\/#website","url":"https:\/\/66projekt.pl\/fullprint\/","name":"READY_TO_66 Producent Odzie\u017cy Sportowej","description":"Koszulki Sportowe z Nadrukiem","publisher":{"@id":"https:\/\/66projekt.pl\/fullprint\/#organization"},"potentialAction":[{"@type":"SearchAction","target":{"@type":"EntryPoint","urlTemplate":"https:\/\/66projekt.pl\/fullprint\/?s={search_term_string}"},"query-input":{"@type":"PropertyValueSpecification","valueRequired":true,"valueName":"search_term_string"}}],"inLanguage":"pl-PL"},{"@type":"Organization","@id":"https:\/\/66projekt.pl\/fullprint\/#organization","name":"READY_TO_66 Producent Odzie\u017cy Sportowej","url":"https:\/\/66projekt.pl\/fullprint\/","logo":{"@type":"ImageObject","inLanguage":"pl-PL","@id":"https:\/\/66projekt.pl\/fullprint\/#\/schema\/logo\/image\/","url":"https:\/\/66projekt.pl\/fullprint\/wp-content\/uploads\/2024\/02\/66pojekt-ready-to-66-logo.webp","contentUrl":"https:\/\/66projekt.pl\/fullprint\/wp-content\/uploads\/2024\/02\/66pojekt-ready-to-66-logo.webp","width":1285,"height":284,"caption":"READY_TO_66 Producent Odzie\u017cy Sportowej"},"image":{"@id":"https:\/\/66projekt.pl\/fullprint\/#\/schema\/logo\/image\/"},"sameAs":["https:\/\/www.facebook.com\/66projekt"]}]}},"_links":{"self":[{"href":"https:\/\/66projekt.pl\/fullprint\/wp-json\/wp\/v2\/pages\/4324","targetHints":{"allow":["GET"]}}],"collection":[{"href":"https:\/\/66projekt.pl\/fullprint\/wp-json\/wp\/v2\/pages"}],"about":[{"href":"https:\/\/66projekt.pl\/fullprint\/wp-json\/wp\/v2\/types\/page"}],"author":[{"embeddable":true,"href":"https:\/\/66projekt.pl\/fullprint\/wp-json\/wp\/v2\/users\/9"}],"replies":[{"embeddable":true,"href":"https:\/\/66projekt.pl\/fullprint\/wp-json\/wp\/v2\/comments?post=4324"}],"version-history":[{"count":32,"href":"https:\/\/66projekt.pl\/fullprint\/wp-json\/wp\/v2\/pages\/4324\/revisions"}],"predecessor-version":[{"id":5522,"href":"https:\/\/66projekt.pl\/fullprint\/wp-json\/wp\/v2\/pages\/4324\/revisions\/5522"}],"wp:attachment":[{"href":"https:\/\/66projekt.pl\/fullprint\/wp-json\/wp\/v2\/media?parent=4324"}],"curies":[{"name":"wp","href":"https:\/\/api.w.org\/{rel}","templated":true}]}}